u*w - w + 3*w**2. Calculate y(3).
1
Let l(c) be the second derivative of -3/2*c**2 + 0 + 3*c - 1/6*c**3. Suppose 0*h = 5*h + 25. Determine l(h).
2
Let i(u) = -u**2 - 6*u - 8. Let n be i(-5). Let h(f) = f**3 + 4*f**2 + 2*f + 2. Determine h(n).
5
Let w(v) = v**2 + 2*v + 3. Suppose -2*z + 6 = -2. Let a = 0 + z. Let y(g) = g**3 - 5*g**2 + 3*g + 1. Let b be y(a). Calculate w(b).
6
Suppose 4*j - 5*j + 6 = 0. Let w(z) = j - 5*z - 2*z + 0*z + z + z**2. What is w(4)?
-2
Let r(d) = 2*d + 1. Let t(u) = u + 5. Let g = -1 - -1. Suppose 2*o + 12 + 0 = g. Let f be t(o). What is r(f)?
-1
Let b(z) = -2*z**2 + 27*z**3 + z - 54*z**3 + 24*z**3. Let p = -2 - -4. Let d be (-2*(p - 1))/(-2). Determine b(d).
-4
Let w(b) be the first derivative of 1/3*b**3 - 1/4*b**4 + 2 - 1/2*b**2 + b. Let a(p) = -p**2 + 7*p - 5. Let s be a(6). Calculate w(s).
0
Let a(f) = 3*f**2 - 9*f + 4. Let n(r) = 2*r**2 - 6*r + 3. Let z(x) = 5*a(x) - 7*n(x). Calculate z(3).
-1
Let z be -5*(0 + (-2)/2). Let n(m) = -99*m**2 + 6 + 191*m**2 - 97*m**2 + m**3. Calculate n(z).
6
Let p(b) = -b + 9. Let u be p(7). Let m = -4 - -4. Suppose c = z + 9, m = u*z - 6*z - 4*c + 4. Let n(t) = -t - 1. Determine n(z).
3
Let i = 16 + -11. Let b(x) = 6*x - 1. Let h(v) = -11*v + 3. Let k(y) = i*b(y) + 3*h(y). Determine k(3).
-5
Let t(k) be the first derivative of -k - 1/2*k**2 + 2 - 1/3*k**3. Let m(n) be the first derivative of t(n). Give m(-1).
1
Let l be 2/5*5 - 6. Let c(t) = -3*t - 3. What is c(l)?
9
Let l(a) = a - 4. Let g(n) = n + 3. Let f be g(0). Suppose -9 + f = -3*x. Give l(x).
-2
Suppose 4*k - 5*k = 6. Let f(n) = -8*n**3 - 11*n**2 - 2*n - 5. Let m(i) = 7*i**3 + 10*i**2 + 2*i + 4. Let h(b) = k*f(b) - 7*m(b). Calculate h(-2).
-2
Suppose -5*g - 3 = -4*y - 5, g = 2*y - 2. Let w(z) = -2*z + 0*z + 3*z**y - 2*z**2. Let h = -1 - -4. Give w(h).
3
Let r(i) = i + 1 - 5*i**2 + i**2 + 3*i**2 - i**3. Let x = 114 - 114. Calculate r(x).
1
Suppose 2*d + 5 = d - 4*u, 3*d - 15 = 3*u. Let m(v) = 3*v**3 - v**2 + v. Let g(q) = 2*q**3 + q + 1. Let o(b) = 4*g(b) - 3*m(b). What is o(d)?
7
Let o be (-1)/(-6) - (52/24 + -2). Let g(a) = -a - 9. What is g(o)?
-9
Let l(m) = 6*m. Let y be 1 + -2 + 16/(-2). Let s = y - -14. Let p(z) = -7*z - 1. Let d(x) = s*p(x) + 6*l(x). What is d(4)?
-1
Let f be -2 - 0 - (-2 + -1). Let w(o) = -22*o**2 - f + 21*o**2 + 0*o + 4*o. Determine w(4).
-1
Let n(r) = r**2 + 3*r - 3. Let o = -12 - -22. Suppose -5*p - o = 2*l, 0*p + 5*p - 2*l + 30 = 0. Determine n(p).
1
Let y(r) be the third derivative of r**6/120 - r**4/24 + 5*r**3/6 - 22*r**2 + r. Determine y(0).
5
Let w(i) = -i**2 - i - 1. Let y(j) = j**3 - 10*j**2 - 10*j - 10. Let t(s) = -5*s - 1. Let m be t(1). Let g(l) = m*w(l) + y(l). Give g(5).
1
Let r(d) = -5 - 2*d**2 + d**2 - 6*d - 6*d + 6*d. Let v = -7 - -3. What is r(v)?
3
Suppose 10*j = 5*j + 35. Let h = j - 12. Let b(d) = -d - 1. Let m(f) = 2*f + 4. Let i(l) = -2*b(l) - 2*m(l). Calculate i(h).
4
Let l(y) = y**2 + 3 - 5*y + 19*y - 8*y. Suppose -5*b + 3*i = -5, -4*b - 3*i - 19 = -2*b. What is l(b)?
-5
Let q(t) = t + 4*t**2 - 15 + 7 + 7. What is q(1)?
4
Let d(x) be the first derivative of -x**5/60 + x**4/24 + x**3/2 + 3*x**2/2 - 5. Let p(n) be the second derivative of d(n). Determine p(4).
-9
Suppose -22 = -4*d - 5*c, 2*d = 7*d - c - 13. Let a(m) = -7*m + d + m**2 - 6 + 2. Give a(5).
-11
Suppose -3*l - y - 22 = 0, 0*l + 5*y = -l - 26. Let f be (2 - -1)/(-3) - l. Let a(b) = b**2 - 5*b - 6. Calculate a(f).
-6
Let x be 4/2 - (-18)/6. Let s(h) = -h**2 - 3*h + 7*h - h + 2. Determine s(x).
-8
Let l(w) = -w + 68 + 63 + 68 - 201. Give l(6).
-8
Let i(g) = 10*g + 6. Let k(h) = 3*h + 2. Let q(r) = -2*i(r) + 7*k(r). Let b = -5 + 9. Give q(b).
6
Let a(c) be the first derivative of -c**3/3 + c - 47. Let i = -2 + 0. Determine a(i).
-3
Suppose 2*h = -3*h - 15. Let l(s) be the first derivative of s**5/120 - s**4/8 - s**3 + 3. Let g(b) be the third derivative of l(b). Give g(h).
-6
Let w(b) = -13*b**2 - 21*b - 5. Let q(u) = -3*u**2 - 5*u - 1. Let t(i) = 9*q(i) - 2*w(i). Calculate t(-3).
1
Let b(w) = w - 6. Let o be (-14)/(-4) - 3/(-2). Determine b(o).
-1
Let o(l) = -l - 4. Let f = -46 + 53. Give o(f).
-11
Let z(v) be the third derivative of v**4/12 - v**3/2 - 3*v**2. Let h(k) = k - 7. Let s be h(10). Determine z(s).
3
Let x(g) = 7*g**3 + 3*g**2 + 6*g + 6. Let i(c) = -c**3 + c**2 - c. Let k(r) = 6*i(r) + x(r). What is k(-9)?
6
Suppose 4*t + 2*o = -56, -4*o + 18 = -2*t - 0*t. Let u(z) = -2*z - 1. Let j(m) = 4*m + 2. Let v(i) = t*u(i) - 6*j(i). Calculate v(-5).
-9
Suppose -2*m + 83 = 3*v, m + 77 = 3*v - 3*m. Suppose -5*j = 7 - v. Let q(t) = -6*t + j + 1 + t**2 - 3. Calculate q(5).
-3
Suppose -4*q = -4*j + 40, -2*j - 12 = 5*q - 4. Suppose -j = -x - 3. Let g(z) be the second derivative of -z**4/12 + z**3/6 + z**2/2 + 11*z. Determine g(x).
-5
Let a(k) = -k**2 + 1. Let v(d) = -5*d**2 + 4*d + 7. Let o(s) = -14*s**2 + 11*s + 22. Let u(i) = 2*o(i) - 7*v(i). Let p(q) = 6*a(q) + u(q). Calculate p(6).
1
Let g(n) = 10*n**2 + n. Let r(c) = 4*c - 1. Let k(z) = -5*z + 2. Let m(o) = 3*k(o) + 4*r(o). Let p be -4 + 5 + (-8)/4. Let l be m(p). Calculate g(l).
11
Let s(b) = -1 - 2*b + 7*b**2 - 2 + 2 + 5*b - b**3. What is s(7)?
20
Let f(w) = -w**3 + 4*w**2 + 6*w + 3. Let p = -2 + 3. Let t = p + 4. Give f(t).
8
Let y(t) = -2*t + 4. Let p be -2 + (2 - 0)*1. Suppose 4 = w - p*w. Suppose z - 2*c + w*c - 10 = 0, -4*z + 5*c = -1. Determine y(z).
-4
Let d(t) = 2*t + 13. Let n(w) = w + 1. Let b(h) = d(h) - 6*n(h). What is b(5)?
-13
Let d(t) be the third derivative of t**5/60 - t**3 - 3*t**2. Suppose -4*z + 2*z - 5*j + 5 = 0, -4*j = 2*z - 4. Suppose z = h - 0*h. Calculate d(h).
-6
Let v(c) = -c - 7. Let m(l) = -l**3 + 9*l**2 - 5. Let a be m(9). What is v(a)?
-2
Let u(w) = -w**3 + 3*w**2 - 2. Let l be u(3). Let q(s) be the third derivative of s**4/24 + s**3/3 + s**2. What is q(l)?
0
Suppose 2 = 2*u - 3*t - 1, 5*t + 5 = -2*u. Let o(w) = -w - 4. Give o(u).
-4
Suppose 12 = -2*n - 3*i + 3, -i = n + 5. Let m(j) = -j - 5. Give m(n).
1
Let d be (1 + 7)/(-4)*3. Let z(o) = -o**3 - 5*o**2 + 7*o. Calculate z(d).
-6
Let w(v) = -v - 8. Let h(b) = 2*b - 9. Let f be h(7). Suppose f*l - 5*z = -10, -4*l + 2*z - 1 = 3. Determine w(l).
-8
Let c(r) = -2*r + 7. Let w(s) = -3*s + 11. Let p(i) = -8*c(i) + 5*w(i). Calculate p(-6).
-7
Let s(u) = 7*u**3 - u**2 - 9*u + 5. Let m(w) = -4*w**3 + w**2 + 5*w - 3. Let p(d) = -d - 7. Let n be p(-4). Let j(g) = n*s(g) - 5*m(g). Give j(-3).
3
Let x(v) = 4*v - 3*v + 0*v + 17*v**2 - 2*v. What is x(1)?
16
Let t be (-2 + 3)*1*3. Suppose -12 = -t*a, -f - 5*a + 4 = -20. Let m(w) = -1 - w + 2 - f. Give m(-4).
1
Let j(z) = -z + 5. Let g be (-2)/(-4) - (-22)/4. Give j(g).
-1
Let b(q) = q**2 - 2*q + 1. Let h(y) = -y + 1. Let u be h(0). Suppose t - 4 = -u. Suppose -2*r + c + t = -1, -4*c - 13 = -5*r. What is b(r)?
0
Let b = -111 + 109. Let x(d) = d**2 - 3*d + 1. Let t(c) = -4*c**2 + 10*c - 3. Let p(z) = 4*t(z) + 14*x(z). Determine p(b).
-2
Let x(d) = 4*d - 1. Suppose 3*w = 1 + 17. Suppose -w*m = -3*m + 3. Let j be (m/(-1) - 2)*-2. Determine x(j).
7
Let f = 9 + -2. Suppose -z - 3 = 2. Let j = f + z. Let d(p) = -p**3 + p**2 + p + 1. Determine d(j).
-1
Let j be (0 - -1)*-5 - -1. Let i(k) = -5*k**3 + 5*k + 5. Let q(f) = 11*f**3 - 11*f - 10. Let y(n) = j*q(n) - 9*i(n). What is y(0)?
-5
Suppose 4*q + 2 = -2*k - 0, -5*q + 17 = -4*k. Let o(y) = -y**2 - 4*y + 1. What is o(k)?
4
Let f(n) = -n**2 - 9*n + 3. Suppose -5*y - 19 = -2*a, -3*y + 3*a - 12 = 2*a. What is f(y)?
23
Let u be 1*(-1 - -2) - -2. Let h(n) = -2*n**3 + 4*n**2 + n - 2. Calculate h(u).
-17
Let h(p) = -19*p**3 + 5*p - 16*p**3 + 60*p**3 - 3*p**2 - 26*p**3 + 1. Let w = 11 + -15. Determine h(w).
-3
Let i be (-8)/(0 + 3 + -5). Suppose 3*t - 6*t = 3*f - 24, -i*f + 22 = 2*t. Let j(a) = a**2 - 2*a**f + 5*a**2 + 2 + a**3 + 0*a - a. What is j(6)?
-4
Let z(d) = 3*d**3 - 7*d**2 + 5*d - 17. Let k(v) = 0 - 2*v + 6*v**2 - 2*v**3 + 8 + v**3 - 3*v**2. Let m(s) = 5*k(s) + 2*z(s). What is m(0)?
6
Suppose -2*c = 3*w - 7, 3*w - 11 = -4*c - 0. Suppose 3*u + c = 5. Suppose 5*f = -u - 19. Let a(h) = 2*h + 5. What is a(f)?
-3
Let m = 7 + -4. Suppose -2*r = m*r. Let t(s) = s**2 - s - 6. What is t(r)?
-6
Let i(c) = c**3 - 6*c**2 + 7*c - 6. Let m = -88 - -92. Determine i(m).
-10
Let b(d) = d**3 - 7*d**2 + d + 4. Let n =